ase 16, what is 1224d0 + -23b?
122295
In base 15, what is -3 - 679719?
-67971c
In base 11, what is 7207 - 44?
7173
In base 3, what is 102 - -220122020000?
220122020102
In base 11, what is -3 - 1281073?
-1281076
In base 5, what is 100241 - -10334240?
10440031
In base 6, what is -111 - -11100511?
11100400
In base 10, what is 37466 - 3264?
34202
In base 3, what is -10 + -10210220101202?
-10210220101212
In base 15, what is -4 + 13260e87?
13260e83
In base 12, what is 190 - 116a889?
-116a6b9
In base 10, what is 4 + -1529570?
-1529566
In base 13, what is 28 - c6aa6?
-c6a7b
In base 5, what is 2221 - -304422?
312143
In base 5, what is 2 + 304112311?
304112313
In base 5, what is 2403111024201 - -2?
2403111024203
In base 5, what is -132423 + 20333?
-112040
In base 6, what is 145 + -13441210?
-13441021
In base 3, what is -2121 + 102101010022112?
102101010012221
In base 15, what is 5 - 1dacad?
-1daca8
In base 8, what is 34031 + 56772?
113023
In base 15, what is 9512d + 6a?
95198
In base 15, what is 28 - 339693?
-33966a
In base 10, what is 433797 - -7?
433804
In base 8, what is 53277 + -31636?
21441
In base 13, what is -32037c2 - -4?
-32037bb
In base 11, what is 5 - -491a2399?
491a23a3
In base 9, what is -1015 - -57877?
56862
In base 9, what is 204220 - 5483?
187626
In base 16, what is -38722b4 - 1?
-38722b5
In base 11, what is 174318589 - 0?
174318589
In base 15, what is 4d - -212dc?
2133a
In base 8, what is 134710534 + -4?
134710530
In base 14, what is 1767977 + 8?
1767981
In base 8, what is -2672033 + -522?
-2672555
In base 7, what is -30245 - 42335?
-102613
In base 8, what is -13063 - 1765?
-15050
In base 14, what is 1937 + 182d3?
19c2a
In base 4, what is -20230121030002 + -2?
-20230121030010
In base 10, what is -37 + 1015503?
1015466
In base 11, what is -28404 + 183?
-28231
In base 12, what is 83a73 + 45?
83ab8
In base 9, what is -1837808 - -128?
-1837670
In base 8, what is -3453300 + 2?
-3453276
In base 12, what is 6296 + -1593?
4903
In base 3, what is -1112000 + -110020121?
-111202121
In base 8, what is 1 + -240720467?
-240720466
In base 12, what is 1772b9 + -7b0?
176709
In base 15, what is -5 - -9960a?
99605
In base 7, what is 205005165 + 22?
205005220
In base 5, what is 220202 + -242024?
-21322
In base 8, what is -165257 - -1335?
-163722
In base 6, what is 320350522 - -11?
320350533
In base 10, what is -1 + -114172334?
-114172335
In base 7, what is 2356 - 1410310?
-1404621
In base 12, what is 3b - 7776?
-7737
In base 12, what is -3 - -252282?
25227b
In base 6, what is -13422430 + -54?
-13422524
In base 8, what is -1317 + -1257?
-2576
In base 11, what is -62a492 - -142?
-62a350
In base 9, what is 1202175 - -76?
1202262
In base 12, what is 742a400 + -1?
742a3bb
In base 14, what is 249c494 - 1?
249c493
In base 16, what is -a + -4674b?
-46755
In base 12, what is -13231b37 - -3?
-13231b34
In base 4, what is 13220121 - -10113022?
23333203
In base 4, what is 0 - 1112132130133?
-1112132130133
In base 3, what is -1120112212222200 + 12?
-1120112212222111
In base 13, what is b0c + 1b07?
2916
In base 2, what is -100101101001000010101 - -11000?
-100101101000111111101
In base 9, what is 0 + 161425451?
161425451
In base 4, what is 10330313030020 + 1?
10330313030021
In base 5, what is -101401 - 1213332?
-1320233
In base 5, what is -12334202204 + -100?
-12334202304
In base 5, what is -10 - -1130043200?
1130043140
In base 14, what is 48c940 + 1?
48c941
In base 11, what is -2a - -87880?
87851
In base 16, what is 5 + bbd0d?
bbd12
In base 3, what is -1120000 - -20102222?
11212222
In base 10, what is 42251 + 1148?
43399
In base 14, what is 32a + -6c9c?
-6972
In base 4, what is 1001323 + -20101102?
-13033113
In base 3, what is 1010122112022012 - 21?
1010122112021221
In base 8, what is -1023 - -770605?
767562
In base 3, what is 112120 - 222110020?
-221220200
In base 11, what is 238a + 1046a?
12849
In base 2, what is -10110000100101000111101 - 100100101?
-10110000100101101100010
In base 6, what is -4501521 - 2?
-4501523
In base 16, what is 408660 + 3?
408663
In base 4, what is 2320 - 31210301220?
-31210232300
In base 16, what is f3d21 + 18?
f3d39
In base 8, what is -162075 - 1655?
-163752
In base 9, what is 2816360 - 2?
2816357
In base 9, what is -386605 - -1270?
-385325
In base 6, what is 12231502014 + -2?
12231502012
In base 13, what is 61 - 160339?
-1602a8
In base 14, what is 27608d - -7?
276096
In base 15, what is -305b3 + 1c0?
-303e3
In base 14, what is -23 + 352070?
35204b
In base 5, what is 23201001 + -242?
23200204
In base 8, what is -1533 - -5731?
4176
In base 11, what is 2a1 - 1131?
-940
In base 3, what is 110022112101200 + -20012?
110022112011111
In base 15, what is d1 + 1217a?
1225b
In base 7, what is -3 + 115135014?
115135011
In base 3, what is -1001011101 - -220011020?
-11000011
In base 15, what is -2da6 + -3655?
-650b
In base 9, what is -4 - 413445?
-413450
In base 4, what is 1122 - 13001133?
-13000011
In base 15, what is -13addb4 - 5?
-13addb9
In base 16, what is 53b0 - 2521?
2e8f
In base 13, what is 28 - 18b52b?
-18b503
In base 16, what is 2 - cff93c?
-cff93a
In base 6, what is 2550152310 - -3?
2550152313
In base 16, what is 1235e74 - -4?
1235e78
In base 13, what is -48 - 1829aa?
-182a25
In base 12, what is -29158 - 85?
-29221
In base 14, what is -8075 + -503?
-8578
In base 3, what is -20110010121012 - 101?
-20110010121120
In base 8, what is -4604756 - -123?
-4604633
In base 12, what is -8910 + -24b?
-8b5b
In base 6, what is 13131102 - 1222?
13125440
In base 4, what is 122100 - 112333122?
-112211022
In base 12, what is 3 + 10835566?
10835569
In base 8, what is -210557206 + 3?
-210557203
In base 7, what is 445504 + 2426?
451233
In base 6, what is 110250354351 + 4?
110250354355
In base 14, what is 1da - d2d?
-b33
In base 6, what is 10 + 334335525?
334335535
In base 5, what is 142103 - 434021?
-241413
In base 5, what is 21 + 214444101?
214444122
In base 10, what is 3780346 - 3?
3780343
In base 16, what is 1 + -26f2e6?
-26f2e5
In base 5, what is 201112 + 1431?
203043
In base 12, what is 75 + 324b9?
32572
In base 14, what is 0 + 158d8db6?
158d8db6
In base 15, what is 2 - be5a5a?
-be5a58
In base 8, what is -61157 + -10177?
-71356
In base 8, what is -116 - 12037?
-12155
In base 16, what is -74 - -1274d?
126d9
In base 7, what is -51523 + 202026?
120203
In base 4, what is 3122 - -21322321?
21332103
In base 14, what is 688aa1 - 203?
68889c
In base 2, what is -10000011111111101011 + 11001?
-10000011111111010010
In base 8, what is -372164 - 16?
-372202
In base 10, what is -7030052 + -6?
-7030058
In base 11, what is -522a + -143?
-5372
In base 14, what is 3863 - c173?
-8710
In base 7, what is 25520062553 + -2?
25520062551
In base 4, what is -201312200330 - 11?
-201312201001
In base 14, what is -a544 - -2097?
-848b
In base 16, what is 2025ec - 19?
2025d3
In base 10, what is 2564394 - 26?
2564368
In base 6, what is 5 - -34345430?
34345435
In base 7, what is -10114 - 102405?
-112522
In base 8, what is -3574 - 10034?
-13630
In base 2, what is 11111100010000011010 + 10?
11111100010000011100
In base 3, what is 0 + 2011000001212112?
2011000001212112
In base 11, what is 0 + 1701800?
1701800
In base 3, what is 1001212011000022 - 1012?
1001212010222010
In base 3, what is 1222121 - 1101222210?
-1100000012
In base 6, what is -4 + -34322122445?
-34322122453
In base 14, what is 6 + -73d72?
-73d6a
In base 15, what is 2d8 - 23808?
-23520
In base 13, what is -5 - 10c68814?
-10c68819
In base 2, what is -1 + 1111000110101100101100?
1111000110101100101011
In base 7, what is 5 + 123313044?
123313052
In base 8, what is -2654346 - 1?
-2654347
In base 6, what is 134015421 - -10?
134015431
In base 5, what is -1114243 - -113413?
-1000330
In base 4, what is 30 - 231230333?
-231230303
In base 13, what is -25811b + -78?
-258196
In base 2, what is -1001 - -1001111001111010000?
1001111001111000111
In base 9, what is -5168 + 1584?
-3474
In base 2, what is 1 + 11101000010110?
11101000010111
In base 13, what is -1020 + 1531?
511
In base 6, what is -204143 + 130243?
-33500
In base 5, what is -100220130 + 10?
-100220120
In base 11, what is -1a87 - 15658?
-17634
In base 11, what is -3194 + 49656?
46472
In base 10, what is -147 - 34146?
-34293
In base 10, what is -397 - 1701?
-2098
In base 4, what is 